 of 1039929 and 99?
33
Calculate the greatest common factor of 14 and 33460.
14
What is the highest common factor of 125695 and 644?
23
What is the highest common divisor of 11 and 83303?
11
Calculate the greatest common factor of 4464 and 196788.
372
Calculate the greatest common divisor of 169464 and 5175.
69
Calculate the highest common factor of 330 and 34540.
110
Calculate the greatest common factor of 2079 and 2677455.
297
What is the highest common factor of 3 and 846408?
3
What is the greatest common factor of 1152 and 12424?
8
Calculate the highest common divisor of 1406876 and 2764.
2764
What is the greatest common divisor of 40 and 224580?
20
Calculate the highest common divisor of 355840 and 20.
20
Calculate the greatest common divisor of 112 and 485380.
28
Calculate the greatest common divisor of 219 and 22719.
3
What is the highest common divisor of 242282 and 92?
46
Calculate the greatest common divisor of 508 and 3180334.
254
What is the greatest common factor of 14000 and 235?
5
Calculate the highest common factor of 7656 and 236698.
638
Calculate the greatest common divisor of 2224 and 489836.
556
What is the highest common factor of 273 and 754152?
21
Calculate the highest common divisor of 9 and 9069.
3
Calculate the highest common divisor of 19 and 3953064.
19
What is the greatest common factor of 280 and 1910?
10
What is the highest common divisor of 1519214 and 382?
382
Calculate the greatest common factor of 100872 and 9.
9
Calculate the greatest common divisor of 3850 and 84150.
550
What is the highest common factor of 234160 and 40?
40
What is the highest common factor of 43 and 50783?
43
Calculate the highest common divisor of 100 and 372075.
25
Calculate the highest common factor of 360 and 495.
45
What is the greatest common divisor of 426 and 5370?
6
Calculate the highest common divisor of 46688 and 64.
32
Calculate the greatest common divisor of 7060 and 76.
4
What is the highest common factor of 36394 and 186?
62
Calculate the highest common divisor of 260500 and 19798.
1042
What is the highest common factor of 1302 and 80042?
62
Calculate the greatest common factor of 168 and 3030174.
42
What is the greatest common divisor of 14 and 155113?
7
What is the highest common divisor of 58 and 3422?
58
Calculate the greatest common divisor of 8407 and 119.
7
What is the highest common divisor of 89112 and 282?
282
Calculate the greatest common factor of 385 and 496595.
55
What is the greatest common divisor of 126 and 3604158?
18
What is the highest common divisor of 4446 and 3744?
234
What is the highest common factor of 19193 and 1003?
17
Calculate the greatest common divisor of 532 and 221236.
76
Calculate the highest common divisor of 316 and 4108.
316
What is the greatest common divisor of 71554 and 826?
14
Calculate the greatest common factor of 42 and 448.
14
Calculate the highest common factor of 6808 and 999.
37
Calculate the greatest common factor of 27 and 437940.
27
What is the highest common divisor of 1317210 and 46?
46
Calculate the greatest common divisor of 30967 and 14499.
179
Calculate the highest common divisor of 556 and 31740.
4
Calculate the greatest common factor of 86004 and 180.
36
What is the greatest common factor of 374900 and 4025?
575
Calculate the greatest common divisor of 32393 and 290.
29
Calculate the greatest common factor of 4968 and 6288.
24
What is the highest common factor of 1446460 and 40?
20
Calculate the greatest common divisor of 552 and 34152.
24
What is the highest common factor of 88 and 84953?
11
Calculate the greatest common factor of 3344151 and 2763.
921
Calculate the highest common factor of 40 and 2380.
20
What is the greatest common factor of 64 and 7184?
16
Calculate the greatest common factor of 190 and 43120.
10
What is the greatest common factor of 755335 and 245?
245
What is the highest common divisor of 1180 and 83603?
59
Calculate the greatest common factor of 2024 and 3128.
184
What is the highest common factor of 1132884 and 36?
36
Calculate the greatest common divisor of 135 and 6516585.
135
What is the highest common divisor of 1197 and 304969?
133
Calculate the greatest common factor of 11970 and 14.
14
Calculate the greatest common divisor of 626 and 281074.
626
Calculate the highest common divisor of 42912 and 192.
96
What is the greatest common divisor of 9592 and 550?
22
Calculate the highest common divisor of 266061 and 7467.
393
Calculate the greatest common divisor of 24280 and 4.
4
What is the greatest common factor of 20104 and 8?
8
What is the greatest common factor of 1267 and 2896?
181
Calculate the highest common divisor of 57450 and 45.
15
What is the greatest common divisor of 11183474 and 46?
46
What is the highest common divisor of 4524 and 300?
12
Calculate the greatest common factor of 1380 and 980.
20
What is the highest common factor of 42 and 462?
42
What is the highest common divisor of 133 and 5377?
19
What is the highest common factor of 79097 and 1127?
23
What is the greatest common divisor of 633 and 624138?
633
What is the highest common divisor of 1968 and 40713?
123
What is the highest common divisor of 63 and 53397?
9
Calculate the highest common factor of 3590 and 300.
10
What is the highest common divisor of 2255974 and 28?
14
What is the greatest common factor of 200 and 975400?
200
Calculate the highest common divisor of 4427 and 2242.
19
What is the greatest common factor of 15 and 14565?
15
What is the highest common factor of 629 and 337477?
37
What is the greatest common factor of 972 and 2364?
12
Calculate the highest common divisor of 567 and 18387.
81
What is the greatest common divisor of 1974 and 202881?
21
Calculate the greatest common factor of 79971 and 483.
69
Calculate the highest common divisor of 70 and 41685.
35
What is the greatest common factor of 294366 and 23494?
1382
What is the highest common factor of 490 and 15239?
49
Calculate the highest common divisor of 8 and 1577.
1
Calculate the highest common factor of 41656 and 2173.
41
Calculate the highest common divisor of 17176 and 39444.
76
What is the highest common divisor of 2822 and 306?
34
Calculate the greatest common factor of 25 and 192825.
25
Calculate the highest common factor of 2065 and 1624270.
295
Calculate the greatest common factor of 1092 and 17004.
156
Calculate the greatest common divisor of 7871 and 136.
17
What is the greatest common divisor of 1287 and 7524?
99
What is the highest common factor of 1206303 and 17?
17
Calculate the highest common factor of 145042 and 2350.
94
What is the highest common divisor of 24138 and 149?
149
Calculate the highest common factor of 27 and 106308.
9
Calculate the greatest common factor of 3908 and 19.
1
Calculate the highest common divisor of 2622 and 2014.
38
What is the highest common factor of 15680 and 70?
70
Calculate the greatest common factor of 100056 and 26664.
264
Calculate the highest common divisor of 18 and 823518.
18
What is the greatest common factor of 264 and 628672?
88
Calculate the greatest common divisor of 257980 and 40.
20
What is the greatest common divisor of 32 and 244912?
16
What is the highest common divisor of 45 and 11754?
9
Calculate the highest common divisor of 1253 and 1969.
179
What is the greatest common divisor of 4600 and 8165?
115
What is the highest common factor of 336 and 12292?
28
What is the greatest common factor of 169 and 283049?
13
What is the highest common factor of 1944 and 253152?
216
What is the highest common divisor of 377 and 65?
13
What is the highest common divisor of 1169 and 41249?
167
What is the highest common factor of 322810 and 20?
10
Calculate the greatest common factor of 86615 and 170.
85
Calculate the highest common factor of 1785 and 971754.
357
Calculate the greatest common divisor of 25091 and 22.
11
Calculate the highest common factor of 130101 and 34.
17
Calculate the highest common factor of 5551 and 91.
91
What is the greatest common divisor of 189 and 32445?
63
What is the highest common divisor of 991968 and 96?
96
What is the greatest common factor of 5478 and 170067?
249
What is the highest common factor of 2781 and 27913?
103
What is the greatest common divisor of 1031125 and 1095?
365
What is the greatest